t j(c) be the first derivative of v(c). Calculate j(4).
0
Let n(k) = -k**2 - 9*k + 11. Let o(h) = -2*h + 8. Let l(b) = 5*b - 6. Let u be l(3). Let g be o(u). Give n(g).
1
Let o(d) = 2*d + 13. Let i(q) = 3*q + 16. Let v(k) = -5*i(k) + 6*o(k). Suppose -2*h - 4 = -2*n, 5*n + 4*h + 0*h = 28. Let b be 10/n*20/25. Give v(b).
-8
Let w(m) = -7*m**2 + 1. Let i(o) = 3*o**2 + o - 1. Let b(y) = 3*i(y) + w(y). Calculate b(-3).
7
Let i(l) be the first derivative of 3*l**2/2 - 3*l - 104. What is i(4)?
9
Let v(o) = o**2 - 5*o - 10. Suppose 27*n - 25*n - 74 = 0. Let a = n + -30. What is v(a)?
4
Let c(a) = 24 - 5*a**2 - 1 - 18. Determine c(2).
-15
Let d be -1*(0 - -1 - 2). Let l(x) be the first derivative of 7*x**4/4 - x**3/3 + x - 5663. Determine l(d).
7
Let g(a) = -5*a + 2. Suppose -4*y + 30 = -3*n + 6, -4*y + 24 = -5*n. Suppose -3*h + 0 = -y. Determine g(h).
-8
Let n(f) be the second derivative of -f**3/6 + 11*f**2/2 + 2*f. Let s(o) = -o**2 + 103*o + 329. Let y be s(-3). What is n(y)?
0
Let d(f) = -14*f + 18. Let v(w) = -5*w + 6. Let j(c) = -4*d(c) + 11*v(c). Calculate j(-8).
-14
Let h(p) = -1 + 2 - p**2 + 0*p + p. Let f = 1600 - 1602. Give h(f).
-5
Let p(o) be the first derivative of o**4/4 + 7*o**3/3 + 5*o**2/2 - 5*o - 1. Suppose -2*l + 4 = 0, -5*m + 3*l = -4*m + 73. Let q = 61 + m. Give p(q).
1
Let q(a) = 17*a + 15. Let n(j) = 9*j + 8. Let l(w) = 11*n(w) - 6*q(w). Suppose 0 = -4*p - 2*v - 39 + 51, -3*p - 10*v = -9. Calculate l(p).
-11
Let y(t) = 4*t + 2. Suppose -5*q - 61 = -31. Give y(q).
-22
Suppose 2*j + 18 = 8*j. Let y(x) = -4*x - x**j - 4*x**2 + 3*x**3 + 3*x - 3*x**3. What is y(-3)?
-6
Let f(u) = 3*u**2 - 8*u + 7. Let h(k) be the second derivative of 7*k**4/12 - 8*k**3/3 + 15*k**2/2 - 28*k. Let z(g) = -5*f(g) + 2*h(g). Give z(6).
7
Let f = -1 - -5. Suppose -15 = -f*v - v. Suppose -5 = -2*w + v. Let s(x) = -x**3 + 4*x**2 + 3*x - 3. Determine s(w).
9
Let j(p) = -3 - 802*p + 803*p - 3. Calculate j(4).
-2
Let o = -5 - -3. Let z(l) = -2*l - 2. Let x(v) = -2*v - 3. Let a(h) = -5*h + 20. Let f be a(5). Let s(j) = f*z(j) + 4*x(j). Determine s(o).
-6
Let c(k) = -15*k. Let b(g) = -g**2 + 16*g + 16. Let j be b(17). Calculate c(j).
15
Let q(k) = -9*k - 23. Let g(y) = y + 1. Let o(r) = 6*g(r) + q(r). Let h be o(-7). Let f(m) = m**3 - 4*m**2 + m + 3 + 4*m**3 - h*m**3 + 1. Determine f(4).
8
Suppose 1 = -3*y + 5*s, -y + 13 = 4*y - s. Let i(v) = -32*v + 3 - y*v**2 + 33*v - 2. Suppose 0 = -3*b, -2*q - 4*b = -4*q + 4. Give i(q).
-9
Let x(h) = -7*h**2 + 11*h + 32. Let c(r) = -4*r**2 + 5*r + 17. Let s(l) = -11*c(l) + 6*x(l). Determine s(-7).
26
Let v(k) = k**2 - 12*k + 14. Suppose 3*n - 4*m + 32 = 7*n, -2*m + 6 = n. Determine v(n).
-6
Let x(o) = 2*o**2 + o - 5. Suppose -144 = 95*g - 47*g. Give x(g).
10
Let z(w) = w**3 + 4*w**2 - 2. Let i = 827 + -829. Determine z(i).
6
Suppose -4*c = -8*c - 20, l - 12 = 2*c. Suppose -4*n + 8 = -68. Let r(d) = n*d - 3 - 7*d + 2 + l. Calculate r(-1).
-11
Let p(l) be the second derivative of 17*l**4/6 - 25*l + 1. Calculate p(1).
34
Let d(h) = -27*h**3 + 2*h**2 - 1. Let f be (-2)/4*8/(28/(-7)). Calculate d(f).
-26
Let d(x) = x + 10. Let n be d(-7). Let l be 2 + (13 - 1) - n. Suppose -10 = -l*r + 9*r. Let c(i) = 2*i - 5. Determine c(r).
5
Let u(m) = m**3 + 15*m**2 - 15*m + 27. Let o be -4 + -8 + (0 - 4). Determine u(o).
11
Let g(n) = 2*n**2 + 2*n. Let j(d) = 4*d**2 + 3*d + 1. Suppose -2*i + u = 5 + 4, -u + 11 = -3*i. Let t(l) = i*j(l) + 5*g(l). Give t(-4).
14
Let q(f) be the first derivative of -8*f - 4*f**2 - 7/6*f**3 + 1/20*f**5 - 5/12*f**4 - 5. Let x(d) be the first derivative of q(d). Determine x(6).
-14
Let t(l) = 42*l - 297. Let m be t(7). Let u(r) = r. Let b(x) = 3*x - 3. Let c = -1 + 0. Let y(o) = c*b(o) + 6*u(o). Give y(m).
-6
Let l(q) = -q**2 - 7*q + 3. Let i(z) = 40*z - 484. Let w be i(12). Give l(w).
15
Suppose 4*q + 341 = 285. Let u(y) = y**2 + 13*y + 9. Calculate u(q).
23
Let g(r) = -8*r + 4*r**2 + 0*r**2 + 10*r**2 + 7 - 22*r**2 + 10*r**2. Give g(6).
31
Let c(y) be the first derivative of y**2/2 + 5*y - 1. Suppose -5*w - b - 50 = 0, -4*w - 7 - 33 = -b. Calculate c(w).
-5
Let s(r) = 4*r - 11. Let w be s(5). Suppose -1 + w = 4*a. Let o(i) = -6*i - 11*i**2 + 3*i**a - 2*i**2 - 5 + 3*i**2 - i**3. What is o(-6)?
-5
Let j(q) = q**2 + 6*q + 1. Suppose -6 = 5*k + 4*t + 13, -3*k = 4*t + 5. What is j(k)?
8
Let z(g) = -2*g**2 - 8 + 520*g - 528*g + g**2. Let y be -6 + 1 + (-6)/3. Calculate z(y).
-1
Suppose 246*y - 206*y - 112 = -392. Let h(a) = 2*a + 4*a - 7*a. Calculate h(y).
7
Suppose 5 = 3*i + 2*a, -3*i + 5*a = -0 + 2. Let t(y) = 4*y**3 - y**2 - 2*y + 2. What is t(i)?
3
Let j(h) = 2*h**3 - 4*h - 34. Let i(o) = -3*o**3 + 5*o + 35. Let q(z) = 3*i(z) + 4*j(z). What is q(0)?
-31
Suppose 587 - 575 = 4*y. Let l(m) = -6*m + 2. Calculate l(y).
-16
Suppose -m = 2*m + 2*s - 2, 5*m = -5*s. Suppose 3*l - l = m. Let c(a) = -23*a + 13*a - 1 + 15*a. Determine c(l).
4
Let p(g) = 13*g**3 + 9*g**2 + 18*g + 5. Let j(k) = 39*k**3 + 26*k**2 + 48*k + 14. Let y(m) = 4*j(m) - 11*p(m). Give y(1).
13
Let p(n) = -n**3 - 6*n**2 + n - 1. Let i(v) = 2*v + 5. Let y be i(7). Suppose -3*t - g = -y, 3*t + 3*g = 7 + 20. Suppose -t*j + 12 = -7*j. What is p(j)?
-7
Let p(l) = 5*l - 1 - 6*l - 5*l. Let c(d) = d**3 - 4*d**2 + 3*d + 1. Suppose -2 = 3*q - 4*q. Let n be c(q). What is p(n)?
5
Let w(s) = -2*s**2 + 7*s - 5. Let d = 128 + -124. Give w(d).
-9
Let d(h) be the third derivative of h**6/120 + h**4/12 - 3*h**2. Give d(2).
12
Suppose -59*f + 55*f = -3*v + 22, -3*v - f = -17. Let p(q) = -q**2 + 9*q - 7. Calculate p(v).
11
Let b(k) = 17 + 7*k**2 + k**3 - 2 + 9*k - 14. Calculate b(-6).
-17
Let j = 58 + -54. Let d(k) = 3*k + 1. What is d(j)?
13
Let c(o) = -3*o**3 - 2*o**3 + 2*o**3 - o**2 + 4 - 2*o + 4*o**3. Let x(g) = -2*g - 1. Let y be x(2). Let i be (-3)/(-6) - y/2. Determine c(i).
16
Let u = 16 + -12. Suppose -6*d = -u*d. Let z(y) = -y**2 + 2 + 5 - y**3 - 2. Calculate z(d).
5
Let s(y) = -y**3 - y**2 + 4*y + 3. Let t(x) = 2*x - 32. Let l be t(18). Suppose -l*g = -0*g + 12. What is s(g)?
9
Let h = 9 - 62. Let a = -55 - h. Let p(x) = -3*x - 2. Give p(a).
4
Let t(h) = -h**3 - 2*h**2 + h + 1. Let l(c) = 5*c**3 + 23*c**2 - 18*c + 8. Let q(x) = -l(x) - 6*t(x). Calculate q(10).
6
Let i = 1193 + -1200. Let r(m) = -m**3 - 7*m**2 + m + 7. Calculate r(i).
0
Let u(a) be the third derivative of 0*a**3 + 0 + 0*a - 12*a**2 - 1/10*a**5 + 0*a**4. Suppose 0*t + 5*t = 5. Calculate u(t).
-6
Let s(o) = -5*o + 0*o + 3*o. Let g(x) = x**3 - 10*x**2 - x + 11. Let i be g(10). Suppose 5*w = -5*a + 15, -3*w = a - i - 10. Give s(w).
-8
Let s(f) = -5*f + 1. Let r(a) = -2*a + 16. Suppose 0 = 4*p - 8 - 0. Suppose 2*h - 5*u = 3, h - 4*u - 15 = -p*h. Let n be r(h). Determine s(n).
11
Let j be -5 - (-6 + (-7 - -6)). Let i(o) be the first derivative of -1/4*o**4 + 2*o - 5 - 3*o**j + 7/3*o**3. Determine i(6).
2
Let l(k) = -k**2 - 4*k - 1. Suppose i + 5*o = 15 + 9, 2*o = 3*i - 21. Suppose -14*v - 20 = -i*v. Give l(v).
-1
Let h(d) = d**2 + 6*d + 3. Suppose 0 = -2*v + 1 - 7. Let y be (-3)/v*5/(-1). Calculate h(y).
-2
Let d(u) = -u**3 - 4*u**2 - 11*u - 22. Let f be d(-2). Let g(v) = 4 - 1 - 7*v + 1 - v**2. What is g(f)?
-4
Let g(n) be the third derivative of -n**7/840 - n**6/72 - n**5/24 + n**4/6 - 5*n**3/3 - 23*n**2. Let o(i) be the first derivative of g(i). Calculate o(-4).
8
Let p(x) = x**2 - 5*x + 2. Suppose 7*h + 441 - 56 = 0. Let z = -32 - h. Suppose 5*a = z + 2. What is p(a)?
2
Let m = 18 + -14. Let a(x) = -9*x - 2*x + m*x**2 + 6 + 8*x - x**3. Determine a(4).
-6
Let a(b) be the third derivative of 1/4*b**4 - 2/3*b**3 + 0 + 1/60*b**5 - 23*b**2 + 0*b. Determine a(-6).
-4
Let t = -15 - -18. Let o(n) = -t*n + 0*n - 2*n - 2 + 6*n. Suppose 0 = -3*f - 0*f + 2*x - 16, -f - 5*x + 6 = 0. Determine o(f).
-6
Let b(u) = -1 - 3*u**2 + 0*u**3 - 4*u**3 + 3. Let g(n) = n**3 + n**2. Suppose -11*v + 57 = 68. Let q(l) = v*b(l) - 5*g(l). What is q(-2)?
-2
Let a(y) be the second derivative of -7*y**5/20 - y**4/6 - y**3/6 - 365*y. Determine a(-1).
6
Let g(t) = -7*t + 6. Let r be 3 + 6 + -3 + 2. Give g(r).
-50
Suppose -6 = -g + 2. Let i(x) = -x**2 - 3 - 2 + 9*x - g*x. Give i(0).
-5
Let t(u) be the third derivative of -u**4/12 - u**3/2 - 28*u**2. Give t(-2).
1
Let w = 50 + -51. Let n(m) = 11*m**2 + 2. Let u(f) = -f**2 - f + 1. Let